 9. Give u(-15).
2259
Let q(i) = -556*i**2 - 2783*i. Calculate q(-5).
15
Let w(u) = -u**3 + 7*u**2 - 25*u + 419. What is w(12)?
-601
Let o(k) = 2282*k + 2101719. Give o(-921).
-3
Let a(y) = 3*y**2 - 230*y + 669. Give a(3).
6
Let c(k) = k**3 - 206*k**2 + 9435*k + 2456. What is c(137)?
-10
Let w(z) = -28981*z + 173888. Calculate w(6).
2
Let b(f) = 2*f**2 - 662*f - 4672. Calculate b(-7).
60
Let r(f) = 7045*f + 1296275. What is r(-184)?
-5
Let i(q) = -27*q**2 + 376*q + 2285. What is i(-11)?
-5118
Let y(o) = 115*o**2 - 11376*o - 895. Calculate y(99).
-4
Let i(y) = 23*y**2 + 3160*y - 37482. Calculate i(11).
61
Let x(a) = 54*a**3 - 779*a**2 - 1567*a - 2. Give x(-2).
-416
Let u(h) = 121*h**2 - 81*h + 13. Determine u(-3).
1345
Let k(d) = -2*d**2 + 2811*d - 98623. Calculate k(36).
-19
Let u(p) = 122*p + 557. Calculate u(-5).
-53
Let z(q) = -99*q**2 - 679*q + 90. Give z(-7).
-8
Let h(b) = -b**3 - 31*b**2 + 271*b + 4545. Calculate h(-35).
-40
Let b(z) = z**2 + 2062*z - 138255. What is b(65)?
0
Let c(b) = -5*b**2 - 5265*b + 58481. Determine c(11).
-39
Let x(v) = 10626*v - 3240924. Give x(305).
6
Let o(n) = -5568*n**2 + 133634*n - 39. Determine o(24).
9
Let c(f) = -f**3 - 2*f**2 - 2*f - 48. Determine c(-9).
537
Let z(p) = 20*p**2 + 2465*p + 16855. What is z(-116)?
35
Let b(y) = 19*y**2 - 206*y + 828. Determine b(4).
308
Let r(t) = -2910*t + 244449. Determine r(84).
9
Let z(p) = -176*p**2 - 312*p - 245. Give z(-2).
-325
Let q(l) = 2*l**2 - 1370*l - 278467. Give q(849).
5
Let d(b) = 26*b**2 + 350*b - 1674. What is d(-18)?
450
Let f(o) = -2*o**3 + 18*o**2 - 7*o + 389. Determine f(10).
119
Let s(u) = -6*u**3 + 17*u**2 - 16. Determine s(0).
-16
Let w(f) = 2*f**3 - 10*f**2 - 7*f + 41. Determine w(6).
71
Let f(l) = 3*l**3 - 140*l**2 + 788*l - 332. What is f(6)?
4
Let i(r) = -449*r - 8856. What is i(-20)?
124
Let k(i) = 12730*i - 3895370. Determine k(306).
10
Let h(p) = 4533*p - 21947. Give h(5).
718
Let o(u) = 25073*u + 175507. Give o(-7).
-4
Let u(t) = -t**2 - 42*t + 22572. Calculate u(-173).
-91
Let p(d) = 2*d**3 + 224*d**2 - 375*d + 9266. Determine p(-114).
32
Let g(a) = a**2 + 5667*a - 90943. What is g(16)?
-15
Let i(v) = -v**3 - 50*v**2 - 413*v - 6446. What is i(-44)?
110
Let p(u) = -207*u**2 - 137*u + 29. Determine p(-1).
-41
Let k(i) = 19646*i + 3889998. Calculate k(-198).
90
Let w(n) = -41*n**3 + 5*n**2 + 20*n - 1. Give w(-3).
1091
Let h(x) = -3*x**2 + 1001*x + 2110. Determine h(0).
2110
Let a(d) = -3082*d**2 - 40064*d + 17. Determine a(-13).
-9
Let g(c) = c**2 + 539*c + 47516. Determine g(-428).
8
Let s(d) = 766*d + 7243. Determine s(-7).
1881
Let j(d) = 1145*d**2 - 20619*d + 158. Determine j(18).
-4
Let r(d) = 22257*d - 245002. What is r(11)?
-175
Let v(l) = -10*l**2 + 27*l - 17. Calculate v(9).
-584
Let j(y) = y**3 - 127*y**2 - 81*y - 5583. Determine j(128).
433
Let v(a) = -995*a + 17778. Determine v(18).
-132
Let g(d) = -3645*d - 134850. Calculate g(-37).
15
Let b(t) = 3*t**3 + 7160*t**2 - 2609*t - 529920. Determine b(-2387).
-6
Let j(z) = -4*z**3 + 22*z**2 - z - 8. Calculate j(7).
-309
Let b(f) = f**3 + 12*f**2 + 31*f + 510. Determine b(-12).
138
Let f(w) = 2*w**2 + 1304*w + 141105. Give f(-137).
-5
Let h(v) = 84*v**2 + 461*v - 25. Calculate h(-6).
233
Let c(t) = 255*t - 2161. Give c(9).
134
Let o(v) = -2*v**2 - 39*v + 7. Determine o(-39).
-1514
Let j(i) = -817*i - 688. What is j(2)?
-2322
Let c(v) = -101055*v + 2425314. Determine c(24).
-6
Let k(s) = -1260*s - 176529. Determine k(-140).
-129
Let i(f) = -662529*f - 3975173. What is i(-6)?
1
Let v(a) = -a**3 + 739*a**2 - 58966*a - 1281. Give v(648).
15
Let g(d) = -410426*d - 7798101. Give g(-19).
-7
Let y(b) = 3912*b - 24949. What is y(6)?
-1477
Let r(p) = p**2 - 1325*p + 287206. Calculate r(273).
10
Let o(w) = -70698*w - 70672. Give o(-1).
26
Let h(a) = 29350*a - 821811. Determine h(28).
-11
Let y(f) = -f**3 + 5*f**2 + 1061*f - 70. What is y(-29)?
-2245
Let a(y) = -3*y**2 + 613*y - 5311. What is a(195)?
149
Let f(r) = 5*r**3 + 687*r**2 + 249*r - 3420. Determine f(-137).
5
Let m(v) = 4*v**3 + 4649*v**2 + 1114*v - 55781. What is m(-1162)?
-5
Let u(t) = -266*t - 11823. Calculate u(-39).
-1449
Let c(r) = -2*r**2 + 2059*r + 105683. Determine c(-49).
-10
Let x(w) = 42*w**3 + 278*w**2 + 8*w - 1. Give x(-7).
-841
Let m(h) = -9512*h + 47473. Calculate m(5).
-87
Let m(d) = 875595*d - 7004767. Calculate m(8).
-7
Let b(r) = -3*r**2 - 6749*r - 1570927. Determine b(-1986).
-1
Let b(n) = n**3 - 43*n**2 - 203*n + 6322. Determine b(44).
-674
Let o(a) = 6123*a + 116320. What is o(-19)?
-17
Let p(w) = w**2 + 367*w + 18643. Determine p(-319).
3331
Let f(h) = h**2 + 13850*h - 13855. Give f(1).
-4
Let a(m) = m**2 - 216*m + 2771. Calculate a(204).
323
Let l(k) = -2*k**2 - 108783*k - 652618. Calculate l(-6).
8
Let p(c) = -299231*c + 1196928. Determine p(4).
4
Let o(a) = 8979*a + 44843. Determine o(-5).
-52
Let u(y) = -2315*y - 78658. Give u(-34).
52
Let o(b) = 98*b + 12673. Give o(-173).
-4281
Let r(u) = -42*u**3 + u**2 - 62*u + 77. Give r(0).
77
Let n(x) = -8*x - 1197. What is n(-56)?
-749
Let f(x) = 2*x**3 + 140*x**2 + 142*x - 97. Give f(-69).
-373
Let u(k) = 9081*k**2 + 27234*k - 24. What is u(-3)?
3
Let n(f) = -4*f**2 + 885*f + 453. Give n(222).
-213
Let i(s) = -s**3 + 115*s**2 - 8680*s - 110719. Give i(-11).
7
Let q(m) = 124*m - 3412. Give q(24).
-436
Let s(y) = 2*y**3 - 83*y**2 - 150*y + 7828. What is s(41)?
-3
Let k(y) = -754*y + 7854. What is k(9)?
1068
Let m(k) = -61858*k - 433646. What is m(-7)?
-640
Let m(r) = -24*r**2 + 213*r + 1716. What is m(14)?
-6
Let u(v) = v**2 - 536*v - 167294. Calculate u(-221).
3
Let g(v) = -v**2 - 85*v + 30849. Give g(138).
75
Let g(u) = -1694*u - 149229. Calculate g(-88).
-157
Let d(j) = j**3 - 164*j**2 + 325*j - 184. Give d(162).
-22
Let c(q) = q**3 - 71*q**2 + 385*q - 3647. Determine c(66).
-17
Let q(i) = 10167*i - 345651. What is q(34)?
27
Let l(s) = -2386*s - 62466. What is l(-26)?
-430
Let v(k) = k**3 + 261*k**2 - 1312*k - 66722. Calculate v(-265).
58
Let m(g) = 2*g**3 + 8*g**2 - 528*g - 3399. Calculate m(-7).
3
Let d(c) = 5774*c - 11047. Determine d(2).
501
Let i(q) = -q**2 + 228*q + 9551. Determine i(-34).
643
Let w(i) = 109*i**3 - 5*i**2 - 35*i + 95. Determine w(2).
877
Let x(c) = 71522*c - 143034. Calculate x(2).
10
Let z(b) = -4*b**2 - 439*b + 1089. What is z(-114)?
-849
Let k(p) = 599*p**2 + 2419*p + 109. Determine k(-4).
17
Let b(p) = -41*p**2 - 6460*p + 9365. Calculate b(-159).
-16
Let j(q) = 3*q**3 + 246*q**2 + 22*q + 125. Determine j(-82).
-1679
Let s(n) = 239*n - 2237. Determine s(20).
2543
Let f(u) = 736*u**2 - 8102*u + 64. Give f(11).
-2
Let m(q) = 45*q**3 + 6928*q**2 - 317*q - 1386. What is m(-154)?
0
Let m(w) = 1130*w + 3302. Determine m(-4).
-1218
Let x(j) = 50*j - 10510. What is x(210)?
-10
Let z(s) = -340*s**3 + 7*s**2 + 586*s - 586. Give z(1).
-333
Let n(p) = -7097*p - 28325. What is n(-4)?
63
Let w(u) = -6966*u + 53611. Calculate w(8).
-2117
Let y(z) = -945*z**2 - 8291*z + 1. What is y(-9)?
-1925
Let q(y) = -4*y**2 - 15*y - 223. Give q(-23).
-1994
Let a(w) = -31503*w + 315027. Determine a(10).
-3
Let q(f) = -f**2 + 85*f + 12899. Determine q(161).
663
Let l(g) = 2949*g + 415774. Give l(-141).
-35
Let i(h) = -335*h + 17144. Determine i(50).
394
Let b(s) = 3*s**2 + 328*s - 9295. Give b(25).
780
Let w(k) = 56726*k - 283632. What is w(5)?
-2
Let b(g) = -2*g**3 - 85*g**2 + 989*g + 19. What is b(-52)?
-33
Let m(k) = 890331*k - 12464612. Calculate m(14).
22
Let l(t) = -t**3 - 82*t**2 - 24*t - 417. Calculate l(-82).
1551
Let v(w) = -125*w**2 - 327*w + 147. Calculate v(-3).
3
Let r(g) = 2*g**2 + 11490*g + 872870. What is r(-77)?
-2
Let m(j) = 3*j**2 - 179*j + 1412. What is m(9)?
44
Let r(m) = -m**3 - 144*m**2 + 1725*m + 28517. Calculate r(-154).
27
Let p(u) = -10652*u + 85214. Calculate p(8).
-2
Let s(g) = -91*g**2 - 151*g + 1827. Calculate s(8).
-5205
Let f(z) = -67*z**2 - 2330*z - 38. What is f(-35)?
-563
Let u(i) = 2*i**3 + 27*i**2 - 5*i - 429. Give u(-12).
63
Let q(i) = i**3 - 40*i**2 + 8302*i - 95628. What is q(12)?
-36
Let q(g) = 11*g**2 + 150*g + 7. Determine q(-16).
423
Let i(x) = 69*x - 3313. Determine i(42).
-415
Let y(s) = -80*s**2 + 15867*s + 15868. Determine y(-1).
-79
Let r(d) = -172*d + 27112. Give r(158).
-64
Let o(m) = 241*m**3 - 4*m**2 + 379*m - 75